
-3
Let h be 1 + (-37 + 47)/(1 - (-3)/3). Let c(u) = -u**3 + 9*u**2 - 16*u + 8. Give c(h).
20
Let n(o) be the first derivative of 4*o**3/3 - o**2/2 + o - 723. Suppose -8*c = -4*c - 12. Suppose c*j = 5*f - j - 26, f = -j - 2. What is n(f)?
15
Let s(p) = -4*p + 1. Suppose -12 = -14*a + 10*a. Suppose 38 = 2*x + 4*u - 9*u, 2*x - 6 = -a*u. Suppose -4*f - k + 1 = -1, 3*f - 3*k - x = 0. Calculate s(f).
-3
Let s(m) be the third derivative of m**5/6 - m**4/24 + m**3/6 - 1282*m**2. Suppose -2*x - 3*x + 5 = 0. What is s(x)?
10
Let z be (-153)/68 + (-61)/(-4). Let r(i) = 0*i - 5*i**2 + 4*i**2 + 2*i + 5 + 11*i. Calculate r(z).
5
Let n = 33552 - 33558. Let v(y) = -11*y - 40. Determine v(n).
26
Let h(b) = 22*b + 105. Let u be 13*(-15)/(-1560) - ((-410)/(-16))/5. Calculate h(u).
-5
Let u(t) = -24*t + 98 + 54 + 24*t + 15*t. Calculate u(-10).
2
Let f(p) = -2*p + 4 - 5 + 0*p. Suppose -z + 3 = -4*q, 4*z + 0*z + 4*q = 12. Suppose -2*v + 1 = -z*v. What is f(v)?
1
Let h(a) be the third derivative of a**4/3 - 61*a**3/6 + 6231*a**2. Give h(9).
11
Let x(q) = q**3 - 3*q**2 + 3*q - 2. Let l(i) = -2*i**2 - i + 7. Let s be l(-5). Let b = s + 41. Suppose b*h - 29 + 23 = 0. Give x(h).
0
Let s(b) = 1 - 63*b - b**3 + 2*b - 55*b**2 + 122*b - 5*b. Let y be s(-56). Let r(j) = 2*j**2 - 2*j + 1. Determine r(y).
1
Suppose 3*i - 48 = -45*i. Suppose -1253*g = -1252*g - i. Let q(x) be the third derivative of 5*x**4/24 - x**3/6 - x**2. Calculate q(g).
4
Let q(k) = k - 2. Let b be q(6). Suppose 13 = -b*t - 27. Let d(l) = l**2 + 10*l - 5. Calculate d(t).
-5
Let f(o) = o**2 + 68*o - 2092. Let q be f(23). Let d(p) = 25*p**3 + 2*p**2 - 2*p + 1. What is d(q)?
26
Suppose -173*c + 290 = -28*c. Let w(u) = 3*u + 10. Give w(c).
16
Suppose -14*g - 3*g = 17*g + 34. Let x(q) = -61*q - 60. Determine x(g).
1
Let y(j) = j**3 - 3*j**2 - j - 2. Suppose 43 = 2*w - f, -4*f + 80 = 8*w - 4*w. Let s = 7 - 7. Suppose -7*n + s*n = -w. Give y(n).
-5
Let v(d) = -2*d - 12. Let r(z) = -1. Let g(t) = -2*r(t) - v(t). Suppose 0 = 17*s - 15*s + a + 8, -5*a = 2*s + 16. Give g(s).
8
Let g(v) = -4*v**2 + 14*v + 8 + 12*v**2 - v**3 - 22 - 16*v. Determine g(7).
21
Let a(n) = n**3 + 7*n**2 - 7*n + 15. Suppose -22*c + 21*c - 5*v - 18 = 0, 0 = -4*c + 4*v - 24. What is a(c)?
7
Let c(l) = -2*l**3 + 3*l**2 + 4*l. Let s = -864 + 866. Suppose -18 = -s*t - 4*m, 0 = t - 4*t + 3*m. Determine c(t).
-15
Let m be 50/10 + 5/(-5). Let n(j) = j**2 + j - 1. Let y(r) = 3*r**2 + 7*r - 1. Let q(l) = -4*n(l) + y(l). Give q(m).
-1
Let d = -29 - -44. Let o be d/(-10)*2*-1. Let h(n) = -8*n + 19. Let l be h(o). Let t(m) = m**3 + 4*m**2 - 6*m - 2. Determine t(l).
3
Let i = 3650 + -3639. Let m(w) = -w**3 + 10*w**2 + 3*w - 14. What is m(i)?
-102
Let x(r) = -r**2 + 8*r + 3. Suppose 0 = 5*g - 3*t - 25, 2*g - 4*t - 24 = 0. Suppose -g*i = -5*c + 39, -9 = 8*i - 11*i. What is x(c)?
-6
Let d(v) = -110846 - 4*v + 110911 - v**2 - 2*v. What is d(-12)?
-7
Let i = 222 + -138. Suppose -f + i = 86. Let n(l) = -2*l**2 - 2*l - 2. What is n(f)?
-6
Let k(w) = 15154 - 30275 + 25*w + 15178. Give k(-3).
-18
Let l(c) = -2*c**2 - 3*c. Let j(i) = -3*i - i + 0*i. Let f be 2/6 - (570/45)/(-19). Let n be j(f). Calculate l(n).
-20
Suppose 0 = -12*s - 70 + 106. Let y(i) = i**2 + 5*i - 4 - 9*i**2 + 5*i**s - 4*i**3. Give y(7).
-18
Let h(u) = -20*u - 12 + 2*u + 7*u - 10*u + 56. Calculate h(2).
2
Let k(b) = -28*b - 3*b**2 + 28*b + 94 - 93 + 2*b**2. Let j(f) = -2*f - 4. Let w be j(-6). Let x = -9 + w. Calculate k(x).
0
Let h(q) = -q**2 + 7*q + 9. Let g be (-1)/1*(14 + -12). Let u(m) = m**2 - 6*m - 8. Let k be u(g). Determine h(k).
1
Let a be 12/26 + (-31640)/(-1469) - 7. Let c(d) = -d**2 + 7*d + 125. What is c(a)?
5
Suppose 60*a - 56*a = -104. Let g = 36 + a. Let y = 12 - g. Let i(f) = f**3 + 2*f**2 - 2*f - 2. Calculate i(y).
10
Let n(q) be the second derivative of q**4 + q**3 + 4*q + 69. Give n(-3).
90
Let b(w) be the second derivative of -7*w**5/20 + w**4/4 + 2*w**3/3 + w**2 - 2834*w. Determine b(-1).
8
Let b(d) = d**3 + d - 4. Let t be b(0). Let g(y) be the second derivative of -2*y**3/3 - 5*y**2/2 - 6070*y. What is g(t)?
11
Suppose 3*k - 2*v = -26, 0 = -k + 3*v - 6*v + 6. Let n be (k*(-2)/(-10))/(4/10). Let i be 0 + 6/n + 1 + 2. Let a(l) = l**2 - 2*l + 1. Determine a(i).
0
Suppose -891 + 591 = 15*o. Let v(d) = d**3 + 19*d**2 - 21*d + 11. What is v(o)?
31
Let j(i) = -1 - 10 + 178*i - 353*i + 177*i. Determine j(6).
1
Let d(s) = -3. Let m(a) = 14 - 4 - 6*a + 5*a. Let z(j) = -4*d(j) - m(j). Let n be (-4 - (-2 + 3)) + 0. Give z(n).
-3
Let t(l) = -l**2 + 25*l - 112. Let p be t(18). Let y(u) = 0*u**2 + 2 + 12*u**2 - p*u**2 + 3*u. Calculate y(-2).
-12
Let k(j) = -2*j**2 + j - 1. Let p be 1288/(-20) + (-9)/((-180)/8). Let y be 20/25*(-310)/4. Let q = p - y. What is k(q)?
-11
Let s(n) = 5*n**3 - 14*n**2 + 7*n - 4. Let r(p) = 22*p**3 - 59*p**2 + 30*p - 14. Let i(z) = -2*r(z) + 9*s(z). Calculate i(4).
-60
Let r(i) be the first derivative of -i**3/3 + 23*i**2/2 + 16*i - 6559. What is r(8)?
136
Let k = 15037 - 15036. Let d(b) = 108*b - 106. What is d(k)?
2
Let j(w) be the third derivative of -1/24*w**4 + 0*w + 0 - 5*w**2 - 1/60*w**5 - 1/6*w**3. Let y be (-62)/22 + (-10)/55. Calculate j(y).
-7
Let a(q) = 6*q - 46. Suppose -13 = 5*s + 12. Let y(k) = 14*k - 95. Let b(n) = s*a(n) + 2*y(n). Give b(20).
0
Suppose -u - 2 + 4 = 0. Let n(q) be the first derivative of 4/3*q**3 - 27 - 2*q**2 + 2*q. What is n(u)?
10
Let i(x) = 2*x**3 - 12*x**2. Let d be i(6). Let z(q) = q**3 - q**2 + 2*q - 16. Determine z(d).
-16
Let k(f) = -156. Let m(c) = 3*c - 814. Let o(n) = 5*k(n) - m(n). Give o(13).
-5
Let w(g) = -56*g + 169. Let c be w(2). Suppose 3*v - 125 = -5*x, -3*v = 6*x - 2*x - 130. Let d = c - v. Let o(u) = u - 3. Calculate o(d).
4
Let b = 135 + -116. Suppose -3*c = w - 2 - 39, -2*c + b = -w. Let f(z) = z - 17. What is f(c)?
-5
Let o be 1*((7 - 5) + 2). Suppose w + r - 9 = o*r, -4*r = -w + 4. Suppose -11*a = -3*a - w. Let u(d) = -d**3 + 3*d**2 + d - 4. Determine u(a).
-1
Let m(w) = w**3 + w**2 + 4*w - 8. Let l(c) = 3*c**3 + 2*c**2 + 12*c - 26. Let k(u) = -5*l(u) + 16*m(u). Determine k(-7).
-75
Let l be ((-11)/(-22) - (-62)/12)*3. Let d(r) = 2*r - 6*r - l + 18 + 2*r. Determine d(-5).
11
Let v be (25/50)/((-2)/(-60)). Suppose v = 4*a + 5*k - 16, 4*k = -4*a + 28. Let m(c) = c**2 - 4*c + 2. Give m(a).
2
Let t(b) = -294*b**2 + 78 + 295*b**2 + 418*b - 419*b. Give t(0).
78
Let u(h) = h**3 - 4. Let m be u(0). Let y = -1271 + 1269. Let b be 1/y*(-18 - m). Let z(i) = -2*i - 1. What is z(b)?
-15
Suppose i = -5*c + 5, 3 = -3*c + 6*c + 3*i. Let o(n) = -15*n**3 - 2*n**2 + n - 2. Calculate o(c).
-18
Let s be (-11 + 16/(-432)*-477)*(-6)/5. Let l(t) = -4*t**2 - 30*t + 18. Calculate l(s).
2
Let q(x) = -x + 8. Let y be q(6). Suppose y + 2 = i. Let w(o) = -50*o**3 - 2*o + 23*o**3 - 4*o**2 + 28*o**3. Give w(i).
-8
Suppose 0 = -4*o - 20, 2*o + 94 = -t + 86. Let y(h) = h**3 + 3*h**2 - 4*h + 1. Calculate y(t).
13
Let d(x) = -x**2 + 8*x - 7. Let z be (-30)/(2 - (-3 + 65/10)). Let w be (-128)/(-20) - 28/z. What is d(w)?
8
Let t(w) be the second derivative of w**5/20 - 2*w**4/3 + w**3/6 - 2*w**2 - 213*w. Calculate t(8).
4
Let m(k) = 4*k**2 + 2474*k + k**3 - 3 + 7*k**2 - 4*k**2 - 2504*k. Determine m(-10).
-3
Let u = -6775 + 6772. Let c(p) = -p**2 - p + 7. Give c(u).
1
Let h be (2/(-4))/(2/8). Let f(n) = n**3 - 16*n**2 - 2*n - 3. Let m(i) = -4*i**3 + 71*i**2 + 7*i + 12. Let q(b) = -9*f(b) - 2*m(b). Determine q(h).
11
Suppose 0 = r - 4*v + 7, 3 = 184*r - 183*r + v. Let o(k) = -26*k - 4. Calculate o(r).
-30
Let m(y) = -y**3 - 9*y**2 - 2*y - 3. Let x = -2830 + 2821. What is m(x)?
15
Let y(b) = b**2 + 9*b + 10. Suppose 5*t + 1137 = -4*x + 128, 3*x + t + 743 = 0. Let q = x + 239. Give y(q).
-4
Let o(m) = 40*m**2 - 11*m + 5. Let d(b) = 27*b**2 - 10*b + 6. Let c(u) = -3*d(u) + 2*o(u). Calculate c(3).
7
Let h(n) be the first derivative of n**4/12 - 8*n**3/3 - 19*n**2/2 - 97*n - 89. Let f(l) be the first derivative of h(l). Determine f(17).
-2
Let f(b) be the first derivative of 3*b**2/2 - 6*b + 5. Suppose 0*j + 18 = -5*t - 2*j, -t - 2 = 2*j. Let u be (-9)/(-2) + (-2)/t. Determine f(u).
9
Let i(a) = 7*a**3 - 7*a**2 + 11*a - 14. Let m(t) = 38*t**3 - 36*t**2 + 61*t - 69. Let p(g) = -11*i(g) + 2*m(g). Give p(6).
-14
Let q(r) = 3400*r + 74 - 10 - 3